{"id":3189,"date":"2026-01-13T14:03:34","date_gmt":"2026-01-13T14:03:34","guid":{"rendered":"https:\/\/nummenlinna.fi\/?page_id=3189"},"modified":"2026-04-04T09:07:49","modified_gmt":"2026-04-04T09:07:49","slug":"toiminta1","status":"publish","type":"page","link":"https:\/\/nummenlinna.fi\/index.php\/toiminta1\/","title":{"rendered":"Toiminta-ajatuksemme"},"content":{"rendered":"\n<p class=\"has-medium-font-size\">Lapsen huostaanotto ja sijaishuoltoon sijoittaminen on yksi vahvimmista interventioista perheen yksityisyyteen. Lastensuojelun sijaishuollon ydinteht\u00e4v\u00e4 on lapsen suojelu, mink\u00e4 vuoksi yhteiskunnalla on vastuu lapsen sijoittaessaan huolehtia t\u00e4m\u00e4n toteutumisesta.&nbsp;Sijaishuollon palveluntuottajana olemme saaneet vastuullemme merkitt\u00e4v\u00e4n teht\u00e4v\u00e4n meill\u00e4 asuvien lasten ja nuorten suojelussa, hoidossa ja kuntoutuksessa, ja olemme toiminnastamme vastuussa sek\u00e4 yhteiskunnallisesti ett\u00e4 lapselle ja h\u00e4nen l\u00e4heisilleen. <\/p>\n\n\n\n<p class=\"has-medium-font-size\">Lapsen suojelu sijaishuollossa on tunnety\u00f6t\u00e4, l\u00e4sn\u00e4oloa ja jokap\u00e4iv\u00e4ist\u00e4 tasapainottelua turvan, rajoitusten ja lapsen oikeuksien v\u00e4lill\u00e4. Sijaishuollossa teht\u00e4v\u00e4 ty\u00f6 on yksi vaativimmista lastensuojeluty\u00f6n osa-alueista, ja ollakseen tarkoituksenmukaista ja vaikuttavaa, vaatii se jokaisen toimijan aktiivista reflektointia ty\u00f6n ytimest\u00e4 eli lapsen edun mukaisen ty\u00f6n toteuttamisesta. Arjessa el\u00e4v\u00e4n arvokeskustelun my\u00f6t\u00e4 ty\u00f6yhteis\u00f6mme on hioutunut yhteen ja toimintamme perustuu vahvaan toimintaymp\u00e4rist\u00f6n ymm\u00e4rt\u00e4miseen.<\/p>\n\n\n\n<p><\/p>\n\n\n\n<p><\/p>\n\n\n\n<p class=\"has-text-align-center has-background\" style=\"background-color:#87a35b8a\"><strong>LAPSELLA ON OIKEUS OLLA LAPSI<\/strong><\/p>\n\n\n\n<p class=\"has-medium-font-size\">Haluamme tarjota meill\u00e4 asuville lapsille mahdollisimman kodinomaiset puitteet ja arjen, jossa aikuisten huolenpito luo turvaa ja mahdollisuuden el\u00e4\u00e4 mahdollisimman huoletonta lapsuutta ja nuoruutta. Sijaishuollossa asuvalla lapsella on hyvin usein taustallaan lapsuusajan haitallisia kokemuksia, mik\u00e4 vaatii ty\u00f6ntekij\u00e4lt\u00e4 vahvaa ymm\u00e4rryst\u00e4 ja ammatillista otetta. T\u00e4m\u00e4n rinnalla haluamme pit\u00e4\u00e4 mieless\u00e4mme my\u00f6s sen, ett\u00e4 meill\u00e4 asuvat lapset el\u00e4v\u00e4t samanaikaiseti ainutkertaista lapsuuttaan, ja jokaisella heist\u00e4 on my\u00f6s normaaliin kehityskaareen kuuluvia tarpeita ja k\u00e4ytt\u00e4ytymisen piirteit\u00e4. T\u00e4ll\u00f6in kasvu ja kehitys vaativat tuekseen hyvin perustavanlaatuisia, tavallisia asioita kuten johdonmukaisen ja turvallisen arjen, k\u00e4rsiv\u00e4lliset ja v\u00e4litt\u00e4v\u00e4t aikuiset, hyv\u00e4\u00e4 ruokaa ja riitt\u00e4v\u00e4sti unta. N\u00e4in ollen pyrimme kaikessa toiminnassamme vahvistamaan lasten tunnetta normaaliudesta ja toivomme, ett\u00e4 he saisivat meill\u00e4 asuessaan mahdollisuuden viett\u00e4\u00e4 tasavertaista lapsuutta ja nuoruutta asumismuodostaan huolimatta.<\/p>\n\n\n\n<p><\/p>\n\n\n\n<p class=\"has-text-align-center has-background\" style=\"background-color:#87a35b8a\"><strong>LAPSELLA ON OIKEUS KUULUA, N\u00c4KY\u00c4 JA TULLA KUULLUKSI<\/strong><\/p>\n\n\n\n<p class=\"has-text-align-left has-black-color has-text-color has-link-color wp-elements-0655c3a69a6924c123f7df2ec3e09592\" style=\"font-size:20px\"><strong>\u201cKuule, Myy jatkoi ja meni aivan Ninnin eteen ja katsoi h\u00e4nt\u00e4, \u2013 sin\u00e4 et saa ikin\u00e4 omia kasvoja, jos et opi tappelemaan. Usko pois vain.\u201d&nbsp;(<em>N\u00e4kym\u00e4t\u00f6n lapsi<\/em>, 1962)&nbsp;<\/strong><\/p>\n\n\n\n<p class=\"has-medium-font-size\">Oireilu ja haastava k\u00e4ytt\u00e4ytyminen on merkki lapsen toimijuudesta ja pyrkimyksest\u00e4 selviyty\u00e4 el\u00e4m\u00e4ns\u00e4 aallokoissa. Toisinaan lapsesta on voinut tulla turvattomissa olosuhteissa n\u00e4kym\u00e4t\u00f6n, toisten tunnetiloja mukaileva, kiltiksikin kuvailtu lapsi. Lapsen n\u00e4kym\u00e4tt\u00f6myyden voi ajatella olevan huolestuttavampaa kuin oirehdinnan, ja ty\u00f6mme tavoitteena on tarjota turvallinen kasvuymp\u00e4rist\u00f6, jossa lapsi voi tulla j\u00e4lleen n\u00e4kyv\u00e4ksi kaikkine tunnetiloineen. Ajattelemme sijaishuollon t\u00e4ll\u00f6in onnistuneen alkuvaiheen teht\u00e4v\u00e4ss\u00e4\u00e4n kohti pitk\u00e4j\u00e4nteist\u00e4 ty\u00f6skentely\u00e4 lapsen kuntoutumisen tukena.<\/p>\n\n\n\n<p class=\"has-medium-font-size\">Tuemme lapsia el\u00e4m\u00e4\u00e4n omann\u00e4k\u00f6ist\u00e4 el\u00e4m\u00e4\u00e4 ja l\u00f6yt\u00e4m\u00e4\u00e4n oma juttunsa, ilmaisemaan toiveensa ja mielipiteens\u00e4, pit\u00e4m\u00e4\u00e4n puoliaan ja olemaan eri mielt\u00e4 rakentavalla tavalla suhteessa toisiin ihmisiin. Ajattelemme, ett\u00e4 dialogisuuteen ja toisen kunnioittamiseen perustuvassa sijaishuollon arjessa kasvamista ja toiselta oppimista tapahtuu sek\u00e4 lapsissa ett\u00e4 aikuisissa emmek\u00e4 voi ajatella tulevamme koskaan valmiiksi.<\/p>\n\n\n\n<p class=\"has-text-align-center has-background\" style=\"background-color:#87a35b8a\"><strong>LAPSELLA ON OIKEUS L\u00c4HEISIIN IHMISSUHTEISIIN<\/strong><\/p>\n\n\n\n<p class=\"has-medium-font-size\">Lapsen vanhemmat ja l\u00e4heiset ovat erityisess\u00e4 asemassa lapsen asuessa sijaishuollossa, ja heid\u00e4n merkityksellisyys lapselle on korvaamaton. Vanhemmat omaavat kallisarvoista tietoa lapsestaan ja perheest\u00e4\u00e4n, ja t\u00e4m\u00e4 tieto on merkitt\u00e4v\u00e4ss\u00e4 roolissa toteuttaessamme lapsen yksil\u00f6llist\u00e4 hoitoa ja kuntoutusta. Ty\u00f6mme tavoitteena on aina perheen j\u00e4lleenyhdist\u00e4minen tai vanhemmuuden tukeminen riitt\u00e4v\u00e4n vahvaksi toimiakseen lapsen parhaaksi sijaishuollon ohessa. <\/p>\n\n\n\n<p class=\"has-medium-font-size\">Tiedostamme, ett\u00e4 vanhempien voi olla vaikeaa luottaa lapsensa hoitoa vieraiden ihmisten k\u00e4siin, mink\u00e4 vuoksi vastuullamme on luottamuksen ja kasvatuskumppanuuden rakentaminen. T\u00e4m\u00e4 vaatii pitk\u00e4j\u00e4nteist\u00e4, aktiivista ty\u00f6skentely\u00e4, joka perustuu toiminnan l\u00e4pin\u00e4kyvyyteen ja rehellisyyteen. Kasvatuskumppanuus merkitsee meille vanhempien osallistamista lasta koskevien asioiden hoitoon, s\u00e4\u00e4nn\u00f6llist\u00e4 yhteydenpitoa ja yhteist\u00e4 pohdintaa, sek\u00e4 vanhemmuuden tukemista kotijaksojen aikana, jotta ne olisivat kaikille osapuolille mahdollisimman positiivisia ja rakentavia kokemuksia. Vanhemmat ja l\u00e4heiset ovat my\u00f6s eritt\u00e4in tervetulleita ja toivottuja kyl\u00e4ilem\u00e4\u00e4n ja kahvittelemaan, kun sovimme vierailusta ennakkoon!<\/p>\n\n\n\n<p><\/p>\n\n\n\n<p class=\"has-text-align-center has-background\" style=\"background-color:#87a35b8a\"><strong>LAPSELLA ON OIKEUS TURVALLISIIN KIINTYMYSSUHTEISIIN<\/strong><\/p>\n\n\n\n<p class=\"has-medium-font-size\">Pidempiaikaisesti sijaishuollossa asuvien lasten lapsuuden ja nuoruuden muistot rakentuvat suurelta osin sijaishuollon arkeen ja siell\u00e4 ty\u00f6skenteleviin aikuisiin; olemme osa heid\u00e4n ainutkertaista tarinaansa. Laitosmuotoisen sijaishuollon yksi t\u00e4rkeimmist\u00e4 menetelmist\u00e4 on omaohjaajaty\u00f6skentely, jonka tavoitteena on mahdollistaa lapselle turvallisen ja korjaavan kiintymyssuhteen muodostuminen ja tarjota lapselle eheytt\u00e4vi\u00e4 kokemuksia. Omaohjaajuus on osallistavaa, lapsil\u00e4ht\u00f6ist\u00e4, pitk\u00e4j\u00e4nteist\u00e4, sitoutunutta, arvostavaa, vastavuoroista ja vakauttavaa. T\u00e4lt\u00e4 pohjalta toteutettu vuorovaikutus lapsen kanssa on l\u00e4ht\u00f6kohta muutoksen aikaansaamiselle.<\/p>\n\n\n\n<p class=\"has-medium-font-size\">Lapsen voi olla haasteellista luottaa ja muodostaa kiintymyssuhteita, eik\u00e4 suhteen syntyminen n\u00e4in ollen ole v\u00e4ltt\u00e4m\u00e4tt\u00e4 helppoa. Vastuu luottamuksellisen suhteen luomisesta on aina aikuisella. Omaohjaajalta vaaditaan aidosti uteliasta ja avointa asennetta sek\u00e4 sit\u00e4, ett\u00e4 h\u00e4n j\u00e4tt\u00e4\u00e4 syrj\u00e4\u00e4n ennakkoluulot, oletukset ja liiat odotukset. Kiintymyssuhteissa tapahtuneita haittoja ei korjata hetkess\u00e4, joten kiire ei ole mihink\u00e4\u00e4n. Omaohjaaja ei h\u00e4tk\u00e4hd\u00e4 vastoink\u00e4ymisi\u00e4, vaan on ty\u00f6skentelyss\u00e4\u00e4n pitk\u00e4j\u00e4nteinen ja tavoitteellinen.<\/p>\n\n\n\n<p class=\"has-text-align-center has-background\" style=\"background-color:#87a35b8a\"><strong>LAPSELLA ON OIKEUS TULLA AUTETUKSI JA YMM\u00c4RRETYKSI YKSIL\u00d6LLISTEN TARPEIDENSA MUKAISESTI<\/strong><\/p>\n\n\n\n<p class=\"has-medium-font-size\">Jokaisen lapsen hoidon ja kuntoutuksen tarpeet ovat erilaiset, mink\u00e4 pyrimme huomioimaan lapsen yksil\u00f6llist\u00e4 hoito- ja kasvatussuunnitelmaa laatiessamme. Vastuullamme on my\u00f6s selvitt\u00e4\u00e4 lapsen sijaishuollon ulkopuolisten tukitoimien riitt\u00e4vyys ja tarpeenmukaisuus sek\u00e4 mahdollistaa niiden toteutuminen k\u00e4yt\u00e4nn\u00f6ss\u00e4. <\/p>\n\n\n\n<p class=\"has-medium-font-size\">Erityistarpeisen lapsen hoidossa ja kasvatuksessa k\u00e4yt\u00e4mme tarvittaessa v\u00e4lineit\u00e4 ja menetelmi\u00e4, jotka mahdollistavat lapsen ymm\u00e4rretyksi tulemisen ja vuorovaikutussuhteen toteutumisen. Henkil\u00f6st\u00f6ll\u00e4mme on vankka kokemus lastensuojelun sijaishuollossa ty\u00f6skentelyst\u00e4 ja he tekev\u00e4t ty\u00f6t\u00e4\u00e4n suurella syd\u00e4mell\u00e4 lasten yksil\u00f6llisyys huomioiden.<\/p>\n\n\n\n<figure class=\"wp-block-gallery has-nested-images columns-default is-cropped wp-block-gallery-1 is-layout-flex wp-block-gallery-is-layout-flex\">\n<figure class=\"wp-block-image size-large\"><img loading=\"lazy\" decoding=\"async\" width=\"1024\" height=\"683\" data-id=\"3300\" src=\"https:\/\/nummenlinna.fi\/wp-content\/uploads\/2026\/01\/Yhdessa-1024x683.jpg\" alt=\"\" class=\"wp-image-3300\" srcset=\"https:\/\/nummenlinna.fi\/wp-content\/uploads\/2026\/01\/Yhdessa-1024x683.jpg 1024w, https:\/\/nummenlinna.fi\/wp-content\/uploads\/2026\/01\/Yhdessa-300x200.jpg 300w, https:\/\/nummenlinna.fi\/wp-content\/uploads\/2026\/01\/Yhdessa-768x512.jpg 768w, https:\/\/nummenlinna.fi\/wp-content\/uploads\/2026\/01\/Yhdessa-1536x1024.jpg 1536w, https:\/\/nummenlinna.fi\/wp-content\/uploads\/2026\/01\/Yhdessa-2048x1365.jpg 2048w, https:\/\/nummenlinna.fi\/wp-content\/uploads\/2026\/01\/Yhdessa-600x400.jpg 600w\" sizes=\"auto, (max-width: 1024px) 100vw, 1024px\" \/><\/figure>\n\n\n\n<figure class=\"wp-block-image size-large\"><img loading=\"lazy\" decoding=\"async\" width=\"1024\" height=\"683\" data-id=\"3307\" src=\"https:\/\/nummenlinna.fi\/wp-content\/uploads\/2026\/01\/Ystavat-1024x683.jpg\" alt=\"\" class=\"wp-image-3307\" srcset=\"https:\/\/nummenlinna.fi\/wp-content\/uploads\/2026\/01\/Ystavat-1024x683.jpg 1024w, https:\/\/nummenlinna.fi\/wp-content\/uploads\/2026\/01\/Ystavat-300x200.jpg 300w, https:\/\/nummenlinna.fi\/wp-content\/uploads\/2026\/01\/Ystavat-768x512.jpg 768w, https:\/\/nummenlinna.fi\/wp-content\/uploads\/2026\/01\/Ystavat-1536x1024.jpg 1536w, https:\/\/nummenlinna.fi\/wp-content\/uploads\/2026\/01\/Ystavat-2048x1365.jpg 2048w, https:\/\/nummenlinna.fi\/wp-content\/uploads\/2026\/01\/Ystavat-600x400.jpg 600w\" sizes=\"auto, (max-width: 1024px) 100vw, 1024px\" \/><\/figure>\n<\/figure>\n\n\n\n<p><\/p>\n","protected":false},"excerpt":{"rendered":"<p>Lapsen huostaanotto ja sijaishuoltoon sijoittaminen on yksi vahvimmista interventioista perheen yksityisyyteen. Lastensuojelun sijaishuollon ydinteht\u00e4v\u00e4 on lapsen suojelu, mink\u00e4 vuoksi yhteiskunnalla on vastuu lapsen sijoittaessaan huolehtia t\u00e4m\u00e4n toteutumisesta.&nbsp;Sijaishuollon palveluntuottajana olemme saaneet vastuullemme merkitt\u00e4v\u00e4n teht\u00e4v\u00e4n meill\u00e4 asuvien lasten ja nuorten suojelussa, hoidossa ja kuntoutuksessa, ja olemme toiminnastamme vastuussa sek\u00e4 yhteiskunnallisesti ett\u00e4 lapselle ja h\u00e4nen l\u00e4heisilleen. Lapsen suojelu&#8230;<\/p>\n","protected":false},"author":1,"featured_media":0,"parent":0,"menu_order":0,"comment_status":"closed","ping_status":"closed","template":"","meta":{"footnotes":""},"class_list":["post-3189","page","type-page","status-publish","hentry"],"_links":{"self":[{"href":"https:\/\/nummenlinna.fi\/index.php\/wp-json\/wp\/v2\/pages\/3189","targetHints":{"allow":["GET"]}}],"collection":[{"href":"https:\/\/nummenlinna.fi\/index.php\/wp-json\/wp\/v2\/pages"}],"about":[{"href":"https:\/\/nummenlinna.fi\/index.php\/wp-json\/wp\/v2\/types\/page"}],"author":[{"embeddable":true,"href":"https:\/\/nummenlinna.fi\/index.php\/wp-json\/wp\/v2\/users\/1"}],"replies":[{"embeddable":true,"href":"https:\/\/nummenlinna.fi\/index.php\/wp-json\/wp\/v2\/comments?post=3189"}],"version-history":[{"count":54,"href":"https:\/\/nummenlinna.fi\/index.php\/wp-json\/wp\/v2\/pages\/3189\/revisions"}],"predecessor-version":[{"id":3914,"href":"https:\/\/nummenlinna.fi\/index.php\/wp-json\/wp\/v2\/pages\/3189\/revisions\/3914"}],"wp:attachment":[{"href":"https:\/\/nummenlinna.fi\/index.php\/wp-json\/wp\/v2\/media?parent=3189"}],"curies":[{"name":"wp","href":"https:\/\/api.w.org\/{rel}","templated":true}]}}